ose 5*m - 3*l - 163 = -4*l, -2*m + f = -2*l. What is the tens digit of m?
3
Suppose 7*u - 12*u - 2*x = -7722, x - 12353 = -8*u. What is the thousands digit of u?
1
Let k(p) = 26*p**2 + 13*p - 8. Suppose 0 = -g + 10 - 7. What is the units digit of k(g)?
5
Suppose -9*v + 2179 = -512. What is the tens digit of v?
9
Suppose -2*h - f + 315 = -13, 3*h = -5*f + 485. What is the units digit of h?
5
Suppose 2 = -2*j - 2*o, 6*j - 11 = 2*j - o. What is the tens digit of (j - 27)*1*(-2 - 2)?
9
Suppose -3*y + f = -13, -3*y + 4*f - 26 = -4*y. Let v be (42/(-9))/((-4)/y). Suppose -v = 2*x - 27. What is the tens digit of x?
1
Let u = 96 - -241. What is the hundreds digit of u?
3
Let r(h) = -h - 2. Let f be r(-2). Suppose d + f*d - 3 = 0. What is the units digit of 1*-38*d/(-6)?
9
Let a = -157 - -249. Suppose 3*h + 0*c = -4*c - a, h + 30 = -c. Let n = h + 40. What is the units digit of n?
2
Let j be ((4/1 - 3) + 2)*1. What is the units digit of (-2)/(-4) - j/((-42)/91)?
7
What is the tens digit of (-4 - (-38)/10)*-5*645?
4
Let s(n) = 15*n - 16. Let t(k) = k**3 - 3*k**2 - k. Let i be t(3). Let q(y) = -8*y + 8. Let x(p) = i*s(p) - 7*q(p). What is the units digit of x(6)?
8
Suppose 3*j - 112 - 20 = 0. Let t = -26 + 82. Suppose t = 4*g - j. What is the tens digit of g?
2
Let v = -780 + 911. What is the hundreds digit of v?
1
Suppose -2773 = -5*b - 3*l + 479, 4*l = -5*b + 3256. What is the tens digit of b?
4
Let k(p) = 8*p**2 + 27*p - 1. What is the hundreds digit of k(-11)?
6
Let j(n) = 8*n**2 + 8*n + 6. Let b be j(-12). Suppose 3*z + 267 - b = 0. What is the hundreds digit of z?
2
Suppose -11*c + 36*c = 20975. What is the tens digit of c?
3
Suppose 2*p = 4*v + 522, 0 = 5*v - 4*v - 3. Let o = p + -183. What is the units digit of o?
4
What is the tens digit of 22 - 14 - 1 - (2 + -1357)?
6
Let l be ((-42)/(-24))/((-1)/(-4)). Suppose -5*i = -l*i + 6. What is the tens digit of (3 - 0) + 99/i?
3
Let p = -1 + 7. Let i be (p + -8)/((-1)/2). Suppose 2*y + 0*y + 4 = 0, -4*s + i*y = -76. What is the units digit of s?
7
What is the units digit of ((-282)/10 - 3)/((-1)/5)?
6
Let b(i) = -10 + 2*i - 6 + 6*i. Suppose 12*x = 131 - 35. What is the tens digit of b(x)?
4
Let q = 13 + -11. Let u(r) = -3*r**2 + r + 2. Let d be u(q). Let a(m) = m**2 + 4*m + 12. What is the units digit of a(d)?
4
Suppose 381 = -33*j + 30*j. Let h = j - -262. What is the units digit of h?
5
Let l be (12/(-9))/((-6)/(-18)). What is the tens digit of (-6)/l*40/6?
1
Let u = 239 + -87. Suppose -4*c - u = -8*c. What is the tens digit of c?
3
Let t be 3 + -4 + (-2 - -3). Suppose -z - 12 = 2*l, 0 = -4*z - t*l + 3*l + 7. What is the units digit of ((-10)/4 - -1)*z?
3
Suppose -5*g = 4*v - 1750, -31*g - 5*v - 1087 = -34*g. What is the units digit of g?
4
Suppose 3*i - 5*i + 62 = 0. Let d = i - 6. What is the tens digit of d?
2
Let r be ((-6)/(-4))/(6/16). Suppose 3*u + 4*f = u + 48, -56 = -2*u + r*f. Suppose 3*s + u = 137. What is the units digit of s?
7
Let c be (4 + (-4 - 0))*-1. Suppose -2*p + 5*i + 454 = 0, 4*p + 0*i - i - 890 = c. What is the tens digit of p?
2
Suppose -10*b + 422 + 1268 = 0. What is the tens digit of b?
6
What is the units digit of (8 + -601)*(-1 - 0)*1?
3
Let i be (-6)/(-15) + 8/(-20). Suppose i*t - 5*f + 130 = 3*t, 5*f = 25. What is the units digit of t?
5
Suppose 3*b + 17 = -3*j - 19, 2*j + 24 = -b. Let t = j - -14. What is the units digit of (t*1)/((-8)/(-16))?
4
Suppose -8*r - 222 = -6*r. Let c = r - -218. What is the hundreds digit of c?
1
Suppose 2*q + h - 513 = 0, 4*h = 3*q - 1115 + 318. What is the tens digit of q?
5
Let i(x) = -2146*x**3 + 7*x**2 + 8*x. What is the hundreds digit of i(-1)?
1
Suppose -103*b - 1036 = -110*b. What is the units digit of b?
8
Suppose 3*u = o + 8, 0 = 2*o - u + 44 - 13. Let k(p) = -p + 55. Let f be k(23). Let t = o + f. What is the tens digit of t?
1
Let y(s) = 322*s**2 - 3*s - 2. Let u be y(-1). Let g = u - 194. What is the tens digit of g?
2
Suppose -23*u + 4382 = -24667. What is the hundreds digit of u?
2
Let l = -2 + 4. Suppose -2 = -l*u + 28. What is the units digit of u?
5
What is the thousands digit of 2079 - 0*10/(-60)?
2
Suppose 7*r - 2*b + 8 = 8*r, 2*r - 8 = -2*b. What is the tens digit of (r/3*-1 - -1)*107?
0
Suppose 4 + 26 = -2*u. Let n be 4/6 + u/9. What is the tens digit of (-6)/(n - 15/(-18))?
3
Let o(k) be the third derivative of -k**5/60 + k**4/2 - 2*k**3/3 - 4*k**2. What is the units digit of o(5)?
1
Let k = -8 - -8. Let c(q) = 2*q. Let u be c(k). Suppose 4*y = -u*y + 16. What is the units digit of y?
4
Let l = -6 - -10. Suppose 0 = 4*q - l*w - 71 - 369, -5*q - 2*w + 529 = 0. What is the units digit of q?
7
Let c(q) = -6*q - 7. Let s be c(-6). Suppose -s*b + 26*b + 117 = 0. What is the units digit of b?
9
Let u(s) = -4*s**2 - s + 1. Suppose -3*n = 0, 0 = c + 4*n - 1 - 4. Let r be u(c). Let f = 151 + r. What is the tens digit of f?
4
What is the units digit of 3*(-5 + 11 - -563) - -1?
8
Let n(p) = p + 6. Suppose 2*z - 2 = -z + 2*r, -r - 4 = 0. What is the units digit of n(z)?
4
Let s(u) = 26*u**2 - 16*u - 19. What is the hundreds digit of s(6)?
8
Suppose 2*c = 2*s - 22, 2*s + 7 = -1. Let a be -2*(c/2 + 0). Let q = a + 27. What is the tens digit of q?
4
Let g(p) be the first derivative of -31*p**2/2 + 38*p + 44. What is the units digit of g(-4)?
2
Let i be 2092/16*-8*1/(-2). Suppose 378 = 3*z + 3*c, 4*z + 9 - i = c. What is the tens digit of z?
2
What is the hundreds digit of (-38875)/(-20) - 126/(-56)?
9
Suppose -2*k + 3*k = 173. Suppose -5*t + 3*b + 220 = 0, 4*t + b = 4*b + k. What is the tens digit of t?
4
Suppose -h + 5*z = h - 2236, -4*h + 4442 = 5*z. What is the thousands digit of h?
1
Let h be (1 - 3)/(16/(-72)). Suppose 0*y - 24 = 4*y + 4*r, -4*r = -y + h. What is the tens digit of 6/(-3) - (y - 46)?
4
Let k(g) = g**3 - 6*g**2 + 4*g + 1. Let f be k(6). Let m(h) = -h**3 + 25*h**2 + 6*h - 35. What is the units digit of m(f)?
5
Suppose -12 = -2*c + c. Let j(x) = x - 3. Let o be j(8). Suppose o*l - c = l. What is the units digit of l?
3
Let f = -69 + 73. What is the tens digit of -6*(-4)/f*-9*-3?
6
Let h(q) = 7*q**3 + 3*q**2 + 3*q + 1. Let t be h(-4). What is the tens digit of (t/(-2))/(48/64)?
7
Let q(j) = -54*j - 390. What is the tens digit of q(-14)?
6
What is the units digit of (-1)/(-3)*3*(1481 - 22)?
9
Let b(f) be the first derivative of 11*f**2/2 - 7. Let s be b(6). Suppose 10*o - 5*y - 95 = 5*o, -4*o = -2*y - s. What is the tens digit of o?
1
Let p(z) = z**3 + 7*z**2 + 8*z - 5. Let j be p(-6). Let n = 5 - j. What is the tens digit of n?
2
Let h be (-3 - 1)*(-8)/(-4 - -8). Let t(a) = -2*a + 35. What is the tens digit of t(h)?
1
Suppose -4*f = -3*u - 3839, 4*u + 698 = 3*f - 2183. What is the units digit of f?
9
Suppose 3*f = -15, 15*b - f = 17*b - 475. What is the tens digit of b?
4
Let o = 15 - 17. Let n = o - -15. Suppose 12 = 5*k - n. What is the units digit of k?
5
Let p = 254 - -3450. What is the tens digit of p?
0
Let z(t) = 15*t**2 - 4*t - 23. What is the hundreds digit of z(8)?
9
Suppose -2*c - 354 = -4*s, -c + 5*c - 423 = -5*s. What is the tens digit of 0/(-15) + 1 + s?
8
Suppose -x + 3*d - 3 = -28, -2*d = 4*x - 72. Let z = x + 31. What is the units digit of z?
0
Let l(r) = -7*r - 29. Let s(q) = 3*q + 14. Let b(c) = 4*l(c) + 9*s(c). Suppose -23 = -6*f + 1. What is the units digit of b(f)?
6
Let q be ((-2)/(-8))/(1/(-668)). Let o = -34 - q. What is the tens digit of o?
3
Suppose -1270 - 128 = 6*f. What is the units digit of 2/6 - f/3?
8
What is the tens digit of 2960/(-200)*2/(4/(-235))?
3
Let z = -229 - -93. Let f = z - -220. What is the units digit of f?
4
Suppose 175*b = 172*b + 3885. What is the tens digit of b?
9
Suppose 0 = -5*w - 2*i + 1375 - 200, -3*w - i = -706. What is the hundreds digit of w?
2
What is the units digit of (-6 + -4829)*(-4)/20?
7
Suppose 0 = -v + 2*v. Let m be (4 - 1) + (-16 - -18). Suppose -m*b + 45 = -v*b. What is the units digit of b?
9
Suppose 15*v = 19*v - 400. What is the hundreds digit of v?
1
Suppose 2 - 21 = -b. Suppose -b + 7 = 3*y. Let u(x) = x**3 + 6*x**2 + 6*x + 6. What is the tens digit of u(y)?
1
Let x(p) = -454*p**3 + 2*p**2 - p - 3. What is the hundreds digit of x(-1)?
4
Suppose 70*q = 12*q + 184904. What is the thousands digit of q?
3
Suppose -5*i + 1624 = -i + 5*q, 0 = 5*